nds digit of 1003348733?
3
What is the tens digit of 22873332?
3
What is the hundred millions digit of 284329083?
2
What is the hundreds digit of 7416150045?
0
What is the hundreds digit of 15485033?
0
What is the thousands digit of 8904496853?
6
What is the hundred thousands digit of 1014515?
0
What is the tens digit of 66691051?
5
What is the ten thousands digit of 4278191?
7
What is the ten millions digit of 4036215493?
3
What is the thousands digit of 654265454?
5
What is the billions digit of 5787450396?
5
What is the ten thousands digit of 29990223?
9
What is the hundred thousands digit of 159834983?
8
What is the thousands digit of 196455732?
5
What is the ten millions digit of 237690084?
3
What is the tens digit of 616606091?
9
What is the hundred millions digit of 136353731?
1
What is the hundred thousands digit of 89092834?
0
What is the units digit of 530276036?
6
What is the hundreds digit of 474012818?
8
What is the millions digit of 175797536?
5
What is the ten thousands digit of 2175184765?
8
What is the billions digit of 2223569290?
2
What is the units digit of 4395694243?
3
What is the ten millions digit of 2014618406?
1
What is the ten millions digit of 591116680?
9
What is the hundred thousands digit of 40388893?
3
What is the hundred thousands digit of 111893913?
8
What is the millions digit of 88094975?
8
What is the ten thousands digit of 177858540?
5
What is the ten millions digit of 819011822?
1
What is the hundred millions digit of 232088459?
2
What is the hundreds digit of 521531999?
9
What is the ten thousands digit of 3019584487?
8
What is the hundred thousands digit of 62203115?
2
What is the tens digit of 25841329?
2
What is the hundred millions digit of 2418853712?
4
What is the hundred millions digit of 1424785178?
4
What is the millions digit of 2411300914?
1
What is the thousands digit of 1237280662?
0
What is the millions digit of 2497789706?
7
What is the tens digit of 2292930708?
0
What is the millions digit of 82653907?
2
What is the tens digit of 973358678?
7
What is the ten millions digit of 24954828?
2
What is the ten thousands digit of 16025594?
2
What is the ten thousands digit of 97382735?
8
What is the hundred thousands digit of 2930271224?
2
What is the hundreds digit of 7494428373?
3
What is the hundred thousands digit of 3324216954?
2
What is the hundred thousands digit of 2286353?
2
What is the units digit of 134514888?
8
What is the hundred thousands digit of 1630669180?
6
What is the ten thousands digit of 42262031?
6
What is the hundred thousands digit of 740305673?
3
What is the ten thousands digit of 18733318?
3
What is the millions digit of 3554198086?
4
What is the hundreds digit of 134519531?
5
What is the units digit of 2228925751?
1
What is the ten thousands digit of 1291599766?
9
What is the tens digit of 172651135?
3
What is the hundred millions digit of 605106899?
6
What is the thousands digit of 255626322?
6
What is the thousands digit of 351988638?
8
What is the tens digit of 119479484?
8
What is the tens digit of 6549020?
2
What is the millions digit of 840754462?
0
What is the tens digit of 34147701?
0
What is the units digit of 59549565?
5
What is the millions digit of 128585052?
8
What is the hundred thousands digit of 3610203410?
2
What is the hundred thousands digit of 456201459?
2
What is the ten thousands digit of 9452347?
5
What is the hundred millions digit of 855576110?
8
What is the millions digit of 94537418?
4
What is the thousands digit of 66845165?
5
What is the units digit of 53866229?
9
What is the thousands digit of 1344914208?
4
What is the units digit of 186337249?
9
What is the hundreds digit of 8602649228?
2
What is the tens digit of 44000443?
4
What is the ten millions digit of 2972498954?
7
What is the hundred thousands digit of 149839774?
8
What is the hundreds digit of 119229127?
1
What is the units digit of 105594174?
4
What is the millions digit of 15905139?
5
What is the thousands digit of 246046599?
6
What is the units digit of 153303011?
1
What is the millions digit of 37222558?
7
What is the thousands digit of 112806095?
6
What is the ten thousands digit of 12220369?
2
What is the hundreds digit of 362634625?
6
What is the ten millions digit of 2726069175?
2
What is the hundreds digit of 637454334?
3
What is the thousands digit of 1909913884?
3
What is the thousands digit of 82359262?
9
What is the units digit of 1258155?
5
What is the hundreds digit of 53125775?
7
What is the hundred millions digit of 112649433?
1
What is the hundred thousands digit of 1578165250?
1
What is the ten thousands digit of 19286681?
8
What is the tens digit of 7711764?
6
What is the thousands digit of 96368194?
8
What is the millions digit of 9810329?
9
What is the tens digit of 72269926?
2
What is the hundred millions digit of 442543362?
4
What is the hundreds digit of 688510273?
2
What is the thousands digit of 625896150?
6
What is the ten thousands digit of 127916241?
1
What is the hundred thousands digit of 235467650?
4
What is the hundreds digit of 297632725?
7
What is the billions digit of 4565105536?
4
What is the ten thousands digit of 241421159?
2
What is the units digit of 1261268193?
3
What is the hundred thousands digit of 3393160430?
1
What is the millions digit of 916256669?
6
What is the ten millions digit of 819177519?
1
What is the ten millions digit of 2029291561?
2
What is the millions digit of 85464847?
5
What is the millions digit of 28453641?
8
What is the tens digit of 2453320202?
0
What is the hundred thousands digit of 686062745?
0
What is the thousands digit of 7458276?
8
What is the tens digit of 1442905159?
5
What is the units digit of 4294391?
1
What is the hundred thousands digit of 33819237?
8
What is the units digit of 69202053?
3
What is the hundreds digit of 908711451?
4
What is the units digit of 222329012?
2
What is the ten thousands digit of 860450964?
5
What is the hundred thousands digit of 13841719?
8
What is the hundreds digit of 38694263?
2
What is the hundreds digit of 2516578171?
1
What is the thousands digit of 13177349?
7
What is the millions digit of 518022610?
8
What is the units digit of 56410703?
3
What is the hundred thousands digit of 50387152?
3
What is the thousands digit of 62035049?
5
What is the tens digit of 2531973315?
1
What is the millions digit of 5518022045?
8
What is the tens digit of 137068624?
2
What is the tens digit of 43104219?
1
What is the thousands digit of 235042671?
2
What is the thousands digit of 319804385?
4
What is the hundred millions digit of 1976559722?
9
What is the ten millions digit of 25991966?
2
What is the hundreds digit of 76269715?
7
What is the ten millions digit of 1127111954?
2
What is the units digit of 3066965920?
0
What is the hundred thousands digit of 2215947477?
9
What is the thousands digit of 1994783411?
3
What is the millions digit of 37418317?
7
What is the thousands digit of 74486612?
6
What is the ten thousands digit of 1653423736?
2
What is the tens digit of 2806513912?
1
What is the hundred millions digit of 188111698?
1
What is the hundred thousands digit of 2217661525?
6
What is the ten millions digit of 381866242?
8
What is the hundreds digit of 54396576?
5
What is the thousands digit of 966215441?
5
What is the thousands digit of 9964389?
4
What is the ten thousands digit of 2244708939?
0
What is the hundreds digit of 177364130?
1
What is the ten thousands digit of 124492796?
9
What is the units digit of 1139844199?
9
What is the tens digit of 21882226?
2
What is the thousands digit of 81652944?
2
What is the hundred thousands digit of 164320395?
3
What is the tens digit of 133795695?
9
What is the ten millions digit of 59443860?
5
What is the millions digit of 1202730210?
2
What is the tens digit of 334377835?
3
What is the ten thousands digit of 35301734?
0
What is the thousands digit of 441069082?
9
What is the hundreds digit of 7253563353?
3
What is the thousands digit of 259224643?
4
What is the ten thousands digit of 66770810?
7
What is the ten millions digit of 448080798?
4
What is the tens digit of 67135129?
2
What is the ten millions digit of 1154736882?
5
What is the tens digit of 278359267?
6
What is the hundreds digit of 968411619?
6
What is the